 20. Suppose 5*g - p = -0*g. Suppose -2*v = -g*v + 46. What is the units digit of v?
3
Suppose 9*h = 7*h + 4. What is the units digit of (-14)/5*(-35)/h?
9
Suppose 112 = -17*d + 10*d. What is the tens digit of (-424)/d + 2/(-4)?
2
Let b(u) = -u. Let d be b(-6). Suppose -r + d*r - 355 = 0. What is the units digit of r?
1
Suppose -v - 16 = -2*d + 4*v, d = -v + 1. Let t(b) = 2*b**3 + 3*b - 3. What is the tens digit of t(d)?
6
Suppose 5*p - 18 - 2 = 0. Let t(j) = 31*j + j**2 + 4*j**2 - 30*j + 6 - p. What is the tens digit of t(2)?
2
Let y(x) = -x**3 - 12*x**2 - 13*x - 13. Let p be y(-11). Let s = p - -83. What is the tens digit of s?
9
Suppose 0 = 5*c - 145 - 35. Suppose 4*x + 105 = 453. Suppose -3*j + 5*v + x + 22 = 0, 2*v = j - c. What is the units digit of j?
8
Let f be (-1*(-2)/2)/(3/6). Suppose -k - 2*h = -155, -f*k - k + 449 = -2*h. What is the tens digit of k?
5
Let w = -251 - -311. What is the units digit of w?
0
What is the units digit of 3/54*6*(470 + 1)?
7
Let s(z) = 9*z**3 - 26*z**2 - 7*z - 27. Let u(y) = -4*y**3 + 13*y**2 + 3*y + 14. Let w(c) = 3*s(c) + 7*u(c). What is the tens digit of w(13)?
1
Suppose 4*z + 53 = -3*b, 6*z = z + 4*b - 43. Let r = 33 + z. What is the units digit of r?
2
Suppose -14 = -2*w + w. Suppose 3*l - q - w = 0, 0*l = 3*l + 3*q - 30. Suppose -l*j = -10*j + 64. What is the units digit of j?
6
Let y(f) = -f**3 + f**2 - f + 1. Let x be y(0). Let o be (-1 - x) + (6 - 1). Suppose o*z = -a + 42 - 6, -2*a = 5*z - 61. What is the units digit of z?
1
Let r(c) = -c**3 + 40*c**2 + 15*c - 188. What is the thousands digit of r(39)?
1
Let z(v) be the second derivative of v**4/4 - 7*v**3/6 - v**2/2 - 2*v. Let m(f) be the first derivative of z(f). What is the tens digit of m(3)?
1
Suppose 11 = -3*w + 17. Suppose -4*z + 0*y + 414 = -y, z = w*y + 100. What is the hundreds digit of z?
1
Suppose -4*h - 3*l + 4 + 14 = 0, 1 = 3*h - 4*l. What is the hundreds digit of (3 - h) + -4 + 172?
1
Let a(s) = -s**2 - 21*s + 3. Let d be a(-18). Let f = -28 + d. What is the units digit of f?
9
Suppose 0 = -3*h + 5304 - 1749. What is the units digit of h?
5
Let f(a) = a**3 - 31*a**2 + 32*a - 37. What is the hundreds digit of f(31)?
9
Let r be ((-15)/9)/((-1)/3). Suppose -57 = -r*u + 1183. What is the tens digit of u?
4
Let q = 31 + -29. Suppose -y - 26 = q. Let s = -5 - y. What is the units digit of s?
3
Suppose -411 - 164 = -5*w. Suppose -3*v + w = 2*k, -k - 55 = -v - 5*k. What is the units digit of v?
5
Suppose 3*z - 364 = -4*o + 914, -o = 2*z - 847. What is the tens digit of z?
2
What is the units digit of -3*(-210)/18 - -1?
6
Let h = 10 + -6. Suppose -3*s - 19 - 56 = -3*a, -h*a + 5*s = -102. Let i = -10 + a. What is the units digit of i?
3
Suppose -3 = -o - 1. Suppose -53 = -i + 2*n, o*i = 3*n - 0*n + 108. What is the tens digit of i?
5
Let j = 8424 - 4090. What is the tens digit of j?
3
Suppose -14*p + 11187 + 11913 = 0. What is the tens digit of p?
5
Suppose -u + 5*i + 12 = 2*i, -20 = 5*u + 5*i. Suppose u = 7*o - 3*o - 1016. What is the hundreds digit of o?
2
Let p be (8054/6)/1 - 34/102. Suppose -3*n = -14*n + p. What is the hundreds digit of n?
1
Let w(v) = -6*v + 6. Let g(u) = 3*u - 18. Let j be g(12). Suppose 3*s - 3 = -j. What is the units digit of w(s)?
6
Suppose 2*p = 5*p - 1269. Let l = 607 - p. Suppose -5*m + 1 = -l. What is the units digit of m?
7
Let z = -71 - -71. Suppose 4*p + 5*p - 72 = z. What is the units digit of p?
8
Suppose -60*j = -75*j + 59130. What is the thousands digit of j?
3
Let i(r) = -r**3 - 5*r**2 + 7*r + 13. Let x be i(-6). Suppose 220 = x*p - 634. What is the units digit of p?
2
Let g be -2 - (8/12*-3 - 66). What is the tens digit of g + 2 + (-7 - -1)?
6
Suppose 0 = -k - k - 2*z + 1344, 0 = -5*z - 5. Suppose 4*c = 5*g + k, c - 165 = -8*g + 6*g. What is the units digit of c?
7
Suppose -3*v - 18 + 24 = 0. Suppose -v*d = d - 30. Suppose -d*w + 6*w = -16. What is the units digit of w?
4
Let z = -24 + 36. Suppose 5*l = z + 48. Suppose 4*m + 8 = 0, -4*o + l + 76 = 2*m. What is the units digit of o?
3
Suppose -3 = -f + 6. Let m(s) = s**3 - 13*s**2 + 9*s - 8. Let p(x) = 2*x**3 - 25*x**2 + 19*x - 16. Let b(z) = -5*m(z) + 3*p(z). What is the tens digit of b(f)?
1
Let r = -35 + 49. Let c = r - 11. Suppose c*v - u - 12 = 13, 0 = v + 4*u - 17. What is the units digit of v?
9
What is the units digit of ((-1)/(-3))/(-11 - 64948/(-5904))?
2
Let q be (-375)/(-10)*6/(-9). What is the tens digit of ((-380)/q)/((-6)/(-15))?
3
Let z be 3/2*8/6. Suppose -3*u - 14 = -z*u. What is the tens digit of (-21)/u*(16 - 0)?
2
Suppose 8*r - 45380 = -8228. What is the hundreds digit of r?
6
Let s(d) be the first derivative of d**3/3 - d**2/2 + 26*d - 11. Let m be 4/(-14) + (-2)/(-7). What is the units digit of s(m)?
6
Suppose 0*g = 2*g + 10. Let m(b) = -b**3 - 2*b**2 + 8*b + 3. Let u be m(g). Let t = 54 - u. What is the units digit of t?
6
Let m = 82 - -129. What is the tens digit of m?
1
Let m = -1344 - -2411. What is the thousands digit of m?
1
Let g(u) = 2*u**3 - 11*u**2 - 19*u - 72. What is the thousands digit of g(12)?
1
Let s(k) = -2*k + 42. Let z be s(21). Suppose -3*y + 13 + 29 = z. What is the tens digit of y?
1
Let m(f) = -f**2 + 12*f - 3. Let u be m(11). Suppose 2*o - 5*a + 12 = -a, 5*a - 20 = 0. Suppose -o*j + 4 + u = 0. What is the units digit of j?
6
Let h(n) = n**2 - 14*n + 27. Let v be h(12). Suppose 0 = 3*q + v, 4*f + 0*f = 5*q + 29. What is the units digit of f?
6
What is the thousands digit of (3 - 6)/(-1) - (-991 + -11)?
1
Suppose -22*y - 10 = -24*y. Suppose -y*o = 4*j, -o + 3 = j + 4. Suppose 0*w - 28 = -o*w. What is the units digit of w?
7
Suppose 9*s - 7367 = -2111. What is the tens digit of s?
8
Suppose -26*r + 29*r - 3*j - 7095 = 0, 4*r + 4*j - 9428 = 0. What is the units digit of r?
1
Suppose 3*j + 11*p - 7*p - 769 = 0, 0 = 3*j - 4*p - 761. What is the units digit of j?
5
Suppose 1 + 0 = w. Let z = w - -4. Suppose -2*v - 57 = -z*v. What is the tens digit of v?
1
Let w = 56 - -111. Suppose w + 97 = 4*m. What is the units digit of m?
6
Let o(d) = -d**2 - 16*d + 19. Let i be o(-8). What is the units digit of -1*(8/(-4) - i)?
5
Let p(k) = -30*k**3 - k**2 + 4*k + 3. Suppose 2 = -4*i + 3*i. Let g be p(i). Suppose -2*l - 5*l + g = 0. What is the units digit of l?
3
Let g(t) = -t + 3. Let z be g(3). Suppose z*a + 220 = 5*a. What is the units digit of a?
4
Let q = 182 + -36. Let o = q + 7. What is the hundreds digit of o?
1
Let z = -113 - -75. Let s = 111 + z. What is the tens digit of s?
7
Suppose 8*s - 3*c - 30 = 6*s, -4*s - 2*c = -76. Suppose 5*g = 23 - 3. Suppose 0 = n - 3*v - s, 0 = 2*n + g*v + 30 - 86. What is the units digit of n?
4
Let w = -14 - -19. Suppose 0 = -w*d - 0*d + 240. Suppose -6*a + d = -84. What is the tens digit of a?
2
Suppose 2*r = -2*o + 6*o + 3290, -2*r + 3290 = -5*o. What is the thousands digit of r?
1
Suppose -36 = -3*j - 3*j. What is the units digit of j/(-8) - (-681)/12?
6
Suppose 19 = 3*q + 4. Suppose -5*m + 0*m = -q. Suppose -t + m + 2 = z, 0 = 5*t - 5*z - 15. What is the units digit of t?
3
Let m(g) be the first derivative of g**3/3 - 3*g**2 + 7*g + 3. Let a be m(5). What is the units digit of (1 - -1)/a*18?
8
Suppose 21*l - 12369 = -0*l. What is the hundreds digit of l?
5
Suppose 7*w + y + 10468 = 10*w, 2*y - 17432 = -5*w. What is the units digit of w?
8
Let w = 242 + 3. Suppose 2*q = w - 23. What is the units digit of q?
1
Suppose 66*o - 165793 = -50821. What is the tens digit of o?
4
Let z = 23 - 20. Suppose 0*g = 3*g + z. What is the units digit of (g + 0)/(2/(-40))?
0
Let s = 8 + -8. Suppose c - 6 + 3 = s. Suppose -p + 160 = 3*p + c*y, -200 = -5*p - y. What is the units digit of p?
0
Suppose 21*u - 1825 = 4538. What is the units digit of u?
3
Suppose -3*p = 2 + 13, -4*i + 478 = -2*p. Suppose -366 = -i*d + 115*d. What is the hundreds digit of d?
1
Let k(q) = q. Suppose 3 = 5*p - 2. Let j(u) = 7*u + 1. Let a(y) = p*j(y) - 3*k(y). What is the tens digit of a(6)?
2
Let w(f) = -f**2 + 13*f - 3. Let y(b) = -4*b - 3. Let m be y(-3). What is the units digit of w(m)?
3
Suppose -3*j - 48 = 99. Let r = -212 - -300. Let g = r + j. What is the tens digit of g?
3
Suppose 5*j - 1422 = 1118. What is the hundreds digit of j?
5
Let j be (-1)/(0 + (-1)/5). Suppose j*w = 2*w + 15. What is the units digit 